
False
Is 14694299 prime?
True
Is 23283809 prime?
False
Is 8823041 composite?
True
Is 4865491 prime?
False
Is 97576657 a composite number?
True
Is 938167 a composite number?
True
Is 149999141 a prime number?
True
Is 71818391 a prime number?
True
Is 298721 prime?
False
Is 138546977 prime?
True
Is 2335891 a prime number?
True
Is 343476451 a prime number?
True
Is 3464389 prime?
True
Is 26822827 prime?
True
Is 10449143 composite?
False
Is 1588337 a composite number?
True
Is 4406239 a composite number?
True
Is 4022917 a prime number?
False
Is 16260043 prime?
True
Is 32741509 a prime number?
True
Is 64596569 prime?
True
Is 80227501 composite?
True
Is 1013543 a prime number?
False
Is 168825539 a composite number?
False
Is 283548157 a prime number?
True
Is 28725953 composite?
True
Is 230963197 composite?
True
Is 7186421 a composite number?
True
Is 36627359 a composite number?
True
Is 608316113 prime?
True
Is 3392281 composite?
False
Is 149893729 a composite number?
False
Is 76221031 a prime number?
True
Is 4371245 prime?
False
Is 2496359 composite?
True
Is 2585078 a composite number?
True
Is 47249387 prime?
True
Is 51724681 composite?
False
Is 32523559 a prime number?
False
Is 37329637 composite?
True
Is 1186489 composite?
False
Is 35734129 prime?
True
Is 1220371 a composite number?
True
Is 2705341 composite?
False
Is 124296377 composite?
False
Is 2627957 a composite number?
True
Is 717827 a composite number?
True
Is 1754359 a composite number?
False
Is 72612614 a prime number?
False
Is 1696411 composite?
True
Is 51109 a composite number?
False
Is 381504677 prime?
False
Is 352867427 composite?
True
Is 3961913 a prime number?
False
Is 22654207 composite?
True
Is 43622093 prime?
True
Is 14793041 a composite number?
False
Is 96299471 a prime number?
True
Is 2655120961 a prime number?
True
Is 83501267 composite?
True
Is 17743171 prime?
True
Is 758919059 composite?
False
Is 675299 a prime number?
True
Is 38651867 a prime number?
False
Is 2226701 a composite number?
False
Is 119671817 a prime number?
True
Is 84890965 a prime number?
False
Is 77341699 a composite number?
False
Is 2163461 prime?
True
Is 8328661 a prime number?
False
Is 4778381 a composite number?
False
Is 18864119 a prime number?
True
Is 10316291 prime?
False
Is 15367927 prime?
True
Is 2248919 a prime number?
True
Is 21166577 composite?
True
Is 2764037 a prime number?
False
Is 821245 composite?
True
Is 10124869 a prime number?
False
Is 165228551 prime?
True
Is 3839413 prime?
False
Is 21031333 prime?
True
Is 63331619 composite?
True
Is 186551571 prime?
False
Is 4647661 composite?
False
Is 662999 a composite number?
False
Is 797833 a composite number?
False
Is 801761253 prime?
False
Is 1615447 prime?
True
Is 72032405 composite?
True
Is 6993689 a composite number?
False
Is 6115385 prime?
False
Is 285780347 a composite number?
False
Is 199350471 prime?
False
Is 57687953 composite?
True
Is 6526123 a prime number?
True
Is 2057933 a prime number?
True
Is 138829013 prime?
False
Is 19744573 prime?
True
Is 1364477 composite?
False
Is 158963267 prime?
False
Is 12066771 a composite number?
True
Is 7177451 a prime number?
False
Is 10085141 a prime number?
False
Is 2170549 composite?
False
Is 3915727 a prime number?
False
Is 13982327 a prime number?
True
Is 3792017 a composite number?
False
Is 863405 a composite number?
True
Is 95752599 a composite number?
True
Is 9825269 a composite number?
True
Is 9188593 composite?
False
Is 2205233 prime?
True
Is 5973223 a prime number?
True
Is 9040877 a prime number?
True
Is 198834353 composite?
True
Is 7006063 composite?
False
Is 82049447 prime?
True
Is 968417 composite?
True
Is 15169213 composite?
True
Is 38413253 composite?
False
Is 64332869 a composite number?
False
Is 59614081 prime?
True
Is 2325803 a composite number?
False
Is 10734547 a composite number?
False
Is 122111713 a composite number?
False
Is 12966055 a prime number?
False
Is 2278421 a composite number?
False
Is 37599787 composite?
True
Is 75094 prime?
False
Is 119863015 composite?
True
Is 62327393 composite?
True
Is 14624119 composite?
False
Is 1395859 a composite number?
False
Is 1661005 prime?
False
Is 298632539 a prime number?
True
Is 553533 a prime number?
False
Is 45580891 a prime number?
True
Is 6986489 a prime number?
True
Is 5564782 prime?
False
Is 905058497 composite?
True
Is 96322906 a composite number?
True
Is 60663883 composite?
True
Is 29796373 prime?
False
Is 4825333 a composite number?
False
Is 455743 a composite number?
True
Is 5839403 a prime number?
False
Is 14085457 composite?
False
Is 84731093 a composite number?
False
Is 406211867 composite?
False
Is 239803 composite?
False
Is 335488049 a prime number?
False
Is 48857 prime?
True
Is 25928611 a composite number?
False
Is 13131787 prime?
True
Is 309467 a composite number?
True
Is 32417081 composite?
False
Is 252340051 a composite number?
False
Is 11092054 composite?
True
Is 16792046 a prime number?
False
Is 6869623 a prime number?
True
Is 11178359 a prime number?
True
Is 18074083 prime?
True
Is 3804037 a composite number?
True
Is 19366523 a composite number?
True
Is 12869981 a composite number?
False
Is 16842926 composite?
True
Is 726589 a prime number?
True
Is 83263267 a prime number?
True
Is 4501787 a prime number?
False
Is 25363799 composite?
False
Is 5029457 prime?
True
Is 126764557 a composite number?
False
Is 30830927 composite?
False
Is 54158957 prime?
False
Is 23191019 prime?
True
Is 5780087 composite?
False
Is 18008687 prime?
True
Is 2505233 composite?
True
Is 65864101 a prime number?
False
Is 4050019 prime?
True
Is 1138183 composite?
False
Is 761754934 composite?
True
Is 3043193 composite?
False
Is 38278541 a prime number?
False
Is 46434169 composite?
False
Is 5088511 a composite number?
False
Is 828781 a composite number?
True
Is 166370411 composite?
False
Is 553667 a composite number?
False
Is 60262351 composite?
False
Is 400849 a composite number?
False
Is 381601851 a composite number?
True
Is 12519181 composite?
False
Is 5569651 prime?
True
Is 9419737 composite?
False
Is 2108581 composite?
True
Is 2591711 composite?
False
Is 61657709 a composite number?
True
Is 2475852619 prime?
True
Is 169049 composite?
False
Is 3280069 prime?
False
Is 923018561 a prime number?
True
Is 5388646 a prime number?
False
Is 4991771 composite?
False
Is 8759183 composite?
False
Is 1528157 composite?
False
Is 1570319 a composite number?
False
Is 26634259 prime?
False
Is 1403057 composite?
False
Is 8857181 composite?
False
Is 3025103 prime?
False
Is 33412559 a prime number?
False
Is 522593 a prime number?
False
Is 1483151 composite?
False
Is 11346011 prime?
False
Is 8151751 a composite number?
False
Is 36958281 composite?
True
Is 1794077 a prime number?
False
Is 675299 composite?
False
Is 321515401 a composite number?
False
Is 4559389 prime?
True
Is 118959297 prime?
False
Is 4831579 a composite number?
True
Is 12814885 composite?
True
Is 74149 prime?
True
Is 73588409 a composite number?
True
Is 11256082 prime?
False
Is 86518273 composite?
False
Is 235211 a composite number?
False
Is 43751557 a prime number?
False
Is 19676369 composite?
True
Is 24029597 a prime number?
False
Is 5896123 prime?
True
Is 44835551 prime?
True
Is 38144901 prime?
False
Is 63656363 prime?
False
Is 367810747 a prime number?
False
Is 9260047 prime?
False
Is 372894841 composite?
True
Is 264949721 a prime number?
True
Is 47139247 a prime number?
False
Is 25702322 a prime number?
False
Is 3222322 prime?
False
Is 33059713 composite?
True
Is 8662643 a prime number?
False
Is 37130099 a prime number?
True
Is 20798093 composite?
True
Is 3852533 prime?
False
Is 23427967 a prime number?
True
Is 15255269 composite?
False
Is 13572067 composite?
True
Is 21725673 a prime number?
False
Is 50529173 composite?
False
Is 343298489 prime?
True
Is 93939877 composite?
False
Is 56838371 composite?
False
Is 2562113 a prime number?
False
Is 32008546 a composite number?
True
Is 1722085 a composite number?
True
Is 254114741 a composite number?
True
Is 37282031 composite?
False
Is 1327594 a composite number?
True
Is 4181287 composite?
True
Is 14666381 a composite number?
False
Is 851171 prime?
True
Is 5661919 a composite number?
True
Is 148787413 a composite number?
True
Is 1260003697 prime?
True